{"id":2900,"date":"2022-05-25T20:12:43","date_gmt":"2022-05-25T20:12:43","guid":{"rendered":"https:\/\/sspas.org.sv\/sspas\/?page_id=2900"},"modified":"2023-01-24T16:35:00","modified_gmt":"2023-01-24T16:35:00","slug":"observatorio-version-2","status":"publish","type":"page","link":"https:\/\/sspas.org.sv\/sspas\/observatorio-version-2\/","title":{"rendered":"Observatorio de Derechos Laborales"},"content":{"rendered":"<p>[et_pb_section fb_built=\u00bb1&#8243; fullwidth=\u00bbon\u00bb _builder_version=\u00bb4.17.4&#8243; _module_preset=\u00bbdefault\u00bb global_colors_info=\u00bb{}\u00bb][et_pb_fullwidth_image src=\u00bbhttps:\/\/sspas.org.sv\/sspas\/wp-content\/uploads\/2022\/06\/cabeza-de-pagina-web-.jpg\u00bb title_text=\u00bbcabeza de p\u00e1gina web\u00bb _builder_version=\u00bb4.17.4&#8243; _module_preset=\u00bbdefault\u00bb module_alignment=\u00bbcenter\u00bb global_colors_info=\u00bb{}\u00bb][\/et_pb_fullwidth_image][\/et_pb_section][et_pb_section fb_built=\u00bb1&#8243; _builder_version=\u00bb4.16.0&#8243; _module_preset=\u00bbdefault\u00bb min_height=\u00bb650.3px\u00bb global_colors_info=\u00bb{}\u00bb][et_pb_row column_structure=\u00bb2_5,3_5&#8243; _builder_version=\u00bb4.16.0&#8243; _module_preset=\u00bbdefault\u00bb global_colors_info=\u00bb{}\u00bb][et_pb_column type=\u00bb2_5&#8243; _builder_version=\u00bb4.16.0&#8243; _module_preset=\u00bbdefault\u00bb global_colors_info=\u00bb{}\u00bb][et_pb_image src=\u00bbhttps:\/\/sspas.org.sv\/sspas\/wp-content\/uploads\/2022\/06\/p1.png\u00bb title_text=\u00bbp1&#8243; _builder_version=\u00bb4.17.4&#8243; _module_preset=\u00bbdefault\u00bb global_colors_info=\u00bb{}\u00bb][\/et_pb_image][\/et_pb_column][et_pb_column type=\u00bb3_5&#8243; _builder_version=\u00bb4.16.0&#8243; _module_preset=\u00bbdefault\u00bb global_colors_info=\u00bb{}\u00bb][et_pb_text _builder_version=\u00bb4.17.4&#8243; _module_preset=\u00bbdefault\u00bb text_font=\u00bbOpen Sans|300|||||||\u00bb text_line_height=\u00bb2.4em\u00bb global_colors_info=\u00bb{}\u00bb]<\/p>\n<h3 style=\"text-align: center;\"><strong>NUESTRO PROP\u00d3SITO.<\/strong><\/h3>\n<p style=\"text-align: justify;\"><strong>Programa de Formaci\u00f3n y Empleo<\/strong>, ante el contexto laboral de constantes vulneraciones a los derechos laborales a personas j\u00f3venes en El Salvador, desarrolla e implementa la <strong>\u00abEstrategia de Atenci\u00f3n Integral dirigida a Personas J\u00f3venes V\u00edctimas de vulneraciones de Derechos Laborales\u00bb<\/strong> por medio de la cual <strong>surge un 27 de mayo del a\u00f1o 2021 el lanzamiento del PRIMER OBSERVATORIO DE DERECHOS LABORALES DE LAS PERSONAS J\u00d3VENES<\/strong>. que tiene como con objetivo central: <em>monitorear, sistematizar e investigar informaci\u00f3n relevante sobre la realidad laboral del pa\u00eds<\/em>, con el prop\u00f3sito de ser una fuente de informaci\u00f3n y consulta sobre datos e investigaci\u00f3n en la materia de Derechos Laborales y brindar una atenci\u00f3n integral, gratuita y personalizada a mujeres y hombres j\u00f3venes que sufren vulneraciones a sus derechos laborales.<\/p>\n<p style=\"text-align: justify;\"><strong><\/strong><\/p>\n<p style=\"text-align: justify;\">[\/et_pb_text][\/et_pb_column][\/et_pb_row][\/et_pb_section][et_pb_section fb_built=\u00bb1&#8243; _builder_version=\u00bb4.16.0&#8243; _module_preset=\u00bbdefault\u00bb global_colors_info=\u00bb{}\u00bb][et_pb_row _builder_version=\u00bb4.16.0&#8243; _module_preset=\u00bbdefault\u00bb global_colors_info=\u00bb{}\u00bb][et_pb_column type=\u00bb4_4&#8243; _builder_version=\u00bb4.16.0&#8243; _module_preset=\u00bbdefault\u00bb global_colors_info=\u00bb{}\u00bb][et_pb_text _builder_version=\u00bb4.16.0&#8243; header_2_font=\u00bbRoboto|600||on|||||\u00bb header_2_text_color=\u00bb#243061&#8243; global_colors_info=\u00bb{}\u00bb]<\/p>\n<h2>Derechos Priorizados<\/h2>\n<p>[\/et_pb_text][\/et_pb_column][\/et_pb_row][et_pb_row column_structure=\u00bb1_2,1_2&#8243; _builder_version=\u00bb4.17.4&#8243; _module_preset=\u00bbdefault\u00bb global_colors_info=\u00bb{}\u00bb][et_pb_column type=\u00bb1_2&#8243; _builder_version=\u00bb4.17.4&#8243; _module_preset=\u00bbdefault\u00bb global_colors_info=\u00bb{}\u00bb][et_pb_image src=\u00bbhttps:\/\/sspas.org.sv\/sspas\/wp-content\/uploads\/2022\/06\/4.png\u00bb title_text=\u00bb4&#8243; _builder_version=\u00bb4.17.4&#8243; _module_preset=\u00bbdefault\u00bb global_colors_info=\u00bb{}\u00bb][\/et_pb_image][\/et_pb_column][et_pb_column type=\u00bb1_2&#8243; _builder_version=\u00bb4.17.4&#8243; _module_preset=\u00bbdefault\u00bb global_colors_info=\u00bb{}\u00bb][et_pb_image src=\u00bbhttps:\/\/sspas.org.sv\/sspas\/wp-content\/uploads\/2022\/06\/3.png\u00bb title_text=\u00bb3&#8243; _builder_version=\u00bb4.17.4&#8243; _module_preset=\u00bbdefault\u00bb global_colors_info=\u00bb{}\u00bb][\/et_pb_image][\/et_pb_column][\/et_pb_row][et_pb_row column_structure=\u00bb1_2,1_2&#8243; _builder_version=\u00bb4.17.4&#8243; _module_preset=\u00bbdefault\u00bb global_colors_info=\u00bb{}\u00bb][et_pb_column type=\u00bb1_2&#8243; _builder_version=\u00bb4.17.4&#8243; _module_preset=\u00bbdefault\u00bb global_colors_info=\u00bb{}\u00bb][et_pb_image src=\u00bbhttps:\/\/sspas.org.sv\/sspas\/wp-content\/uploads\/2022\/06\/2.png\u00bb title_text=\u00bb2&#8243; _builder_version=\u00bb4.17.4&#8243; _module_preset=\u00bbdefault\u00bb global_colors_info=\u00bb{}\u00bb][\/et_pb_image][\/et_pb_column][et_pb_column type=\u00bb1_2&#8243; _builder_version=\u00bb4.17.4&#8243; _module_preset=\u00bbdefault\u00bb global_colors_info=\u00bb{}\u00bb][et_pb_image src=\u00bbhttps:\/\/sspas.org.sv\/sspas\/wp-content\/uploads\/2022\/06\/1.png\u00bb title_text=\u00bb1&#8243; _builder_version=\u00bb4.17.4&#8243; _module_preset=\u00bbdefault\u00bb global_colors_info=\u00bb{}\u00bb][\/et_pb_image][\/et_pb_column][\/et_pb_row][\/et_pb_section][et_pb_section fb_built=\u00bb1&#8243; fullwidth=\u00bbon\u00bb _builder_version=\u00bb4.17.4&#8243; _module_preset=\u00bbdefault\u00bb global_colors_info=\u00bb{}\u00bb][et_pb_fullwidth_image src=\u00bbhttps:\/\/sspas.org.sv\/sspas\/wp-content\/uploads\/2022\/06\/Ruta-atencion-ODL.png\u00bb title_text=\u00bbRuta atenci\u00f3n ODL\u00bb _builder_version=\u00bb4.17.4&#8243; _module_preset=\u00bbdefault\u00bb global_colors_info=\u00bb{}\u00bb][\/et_pb_fullwidth_image][\/et_pb_section][et_pb_section fb_built=\u00bb1&#8243; _builder_version=\u00bb4.17.4&#8243; _module_preset=\u00bbdefault\u00bb global_colors_info=\u00bb{}\u00bb][et_pb_row _builder_version=\u00bb4.17.4&#8243; _module_preset=\u00bbdefault\u00bb global_colors_info=\u00bb{}\u00bb][et_pb_column type=\u00bb4_4&#8243; _builder_version=\u00bb4.17.4&#8243; _module_preset=\u00bbdefault\u00bb global_colors_info=\u00bb{}\u00bb][et_pb_image src=\u00bbhttps:\/\/sspas.org.sv\/sspas\/wp-content\/uploads\/2022\/06\/5.png\u00bb title_text=\u00bb5&#8243; align=\u00bbcenter\u00bb _builder_version=\u00bb4.17.4&#8243; _module_preset=\u00bbdefault\u00bb global_colors_info=\u00bb{}\u00bb][\/et_pb_image][\/et_pb_column][\/et_pb_row][\/et_pb_section][et_pb_section fb_built=\u00bb1&#8243; _builder_version=\u00bb4.17.4&#8243; _module_preset=\u00bbdefault\u00bb background_color=\u00bb#68c8e1&#8243; global_colors_info=\u00bb{}\u00bb][et_pb_row _builder_version=\u00bb4.17.4&#8243; _module_preset=\u00bbdefault\u00bb global_colors_info=\u00bb{}\u00bb][et_pb_column type=\u00bb4_4&#8243; _builder_version=\u00bb4.17.4&#8243; _module_preset=\u00bbdefault\u00bb global_colors_info=\u00bb{}\u00bb][et_pb_text _builder_version=\u00bb4.17.4&#8243; header_2_font=\u00bbRoboto|600||on|||||\u00bb header_2_text_color=\u00bb#243061&#8243; global_colors_info=\u00bb{}\u00bb]<\/p>\n<h2>publicaciones<\/h2>\n<p>[\/et_pb_text][et_pb_video src=\u00bbhttps:\/\/sspas.org.sv\/sspas\/wp-content\/uploads\/2022\/04\/Derechos-Laborales-SSP-1.mp4&#8243; _builder_version=\u00bb4.17.4&#8243; _module_preset=\u00bbdefault\u00bb global_colors_info=\u00bb{}\u00bb][\/et_pb_video][\/et_pb_column][\/et_pb_row][et_pb_row column_structure=\u00bb1_2,1_2&#8243; _builder_version=\u00bb4.19.4&#8243; _module_preset=\u00bbdefault\u00bb global_colors_info=\u00bb{}\u00bb][et_pb_column type=\u00bb1_2&#8243; _builder_version=\u00bb4.19.4&#8243; _module_preset=\u00bbdefault\u00bb global_colors_info=\u00bb{}\u00bb][et_pb_image src=\u00bbhttps:\/\/sspas.org.sv\/sspas\/wp-content\/uploads\/2023\/01\/Analisis-sobre-contexto-laboral.jpg\u00bb title_text=\u00bbAn\u00e1lisis sobre contexto laboral\u00bb url=\u00bbhttps:\/\/sspas.org.sv\/sspas\/wp-content\/uploads\/2023\/01\/Analisis-sobre-contexto-laboral-y-politicas-de-empleo-vigentes.pdf\u00bb _builder_version=\u00bb4.19.4&#8243; _module_preset=\u00bbdefault\u00bb hover_enabled=\u00bb0&#8243; global_colors_info=\u00bb{}\u00bb sticky_enabled=\u00bb0&#8243;][\/et_pb_image][\/et_pb_column][et_pb_column type=\u00bb1_2&#8243; _builder_version=\u00bb4.19.4&#8243; _module_preset=\u00bbdefault\u00bb global_colors_info=\u00bb{}\u00bb][et_pb_image src=\u00bbhttps:\/\/sspas.org.sv\/sspas\/wp-content\/uploads\/2022\/11\/Informe-vulneraciones-a-derechos-laborales-de-personas-jovenes_Page_1.png\u00bb title_text=\u00bbInforme vulneraciones a derechos laborales de personas j\u00f3venes_Page_1&#8243; url=\u00bbhttps:\/\/sspas.org.sv\/sspas\/wp-content\/uploads\/2022\/11\/Informe-vulneraciones-a-derechos-laborales-de-personas-jovenes.pdf\u00bb _builder_version=\u00bb4.19.4&#8243; _module_preset=\u00bbdefault\u00bb hover_enabled=\u00bb0&#8243; global_colors_info=\u00bb{}\u00bb sticky_enabled=\u00bb0&#8243;][\/et_pb_image][\/et_pb_column][\/et_pb_row][\/et_pb_section]<\/p>\n","protected":false},"excerpt":{"rendered":"<p>NUESTRO PROP\u00d3SITO. Programa de Formaci\u00f3n y Empleo, ante el contexto laboral de constantes vulneraciones a los derechos laborales a personas j\u00f3venes en El Salvador, desarrolla e implementa la \u00abEstrategia de Atenci\u00f3n Integral dirigida a Personas J\u00f3venes V\u00edctimas de vulneraciones de Derechos Laborales\u00bb por medio de la cual surge un 27 de mayo del a\u00f1o 2021 [&hellip;]<\/p>\n","protected":false},"author":3,"featured_media":0,"parent":0,"menu_order":0,"comment_status":"closed","ping_status":"closed","template":"","meta":{"_et_pb_use_builder":"on","_et_pb_old_content":"","_et_gb_content_width":"","om_disable_all_campaigns":false,"_monsterinsights_skip_tracking":false,"_monsterinsights_sitenote_active":false,"_monsterinsights_sitenote_note":"","_monsterinsights_sitenote_category":0,"footnotes":""},"class_list":["post-2900","page","type-page","status-publish","hentry"],"yoast_head":"<!-- This site is optimized with the Yoast SEO plugin v27.3 - https:\/\/yoast.com\/product\/yoast-seo-wordpress\/ -->\n<title>Observatorio de Derechos Laborales - SSPAS<\/title>\n<meta name=\"robots\" content=\"index, follow, max-snippet:-1, max-image-preview:large, max-video-preview:-1\" \/>\n<link rel=\"canonical\" href=\"https:\/\/sspas.org.sv\/sspas\/observatorio-version-2\/\" \/>\n<meta property=\"og:locale\" content=\"es_ES\" \/>\n<meta property=\"og:type\" content=\"article\" \/>\n<meta property=\"og:title\" content=\"Observatorio de Derechos Laborales - SSPAS\" \/>\n<meta property=\"og:description\" content=\"NUESTRO PROP\u00d3SITO. Programa de Formaci\u00f3n y Empleo, ante el contexto laboral de constantes vulneraciones a los derechos laborales a personas j\u00f3venes en El Salvador, desarrolla e implementa la \u00abEstrategia de Atenci\u00f3n Integral dirigida a Personas J\u00f3venes V\u00edctimas de vulneraciones de Derechos Laborales\u00bb por medio de la cual surge un 27 de mayo del a\u00f1o 2021 [&hellip;]\" \/>\n<meta property=\"og:url\" content=\"https:\/\/sspas.org.sv\/sspas\/observatorio-version-2\/\" \/>\n<meta property=\"og:site_name\" content=\"SSPAS\" \/>\n<meta property=\"article:modified_time\" content=\"2023-01-24T16:35:00+00:00\" \/>\n<meta name=\"twitter:card\" content=\"summary_large_image\" \/>\n<meta name=\"twitter:label1\" content=\"Tiempo de lectura\" \/>\n\t<meta name=\"twitter:data1\" content=\"5 minutos\" \/>\n<script type=\"application\/ld+json\" class=\"yoast-schema-graph\">{\"@context\":\"https:\\\/\\\/schema.org\",\"@graph\":[{\"@type\":\"WebPage\",\"@id\":\"https:\\\/\\\/sspas.org.sv\\\/sspas\\\/observatorio-version-2\\\/\",\"url\":\"https:\\\/\\\/sspas.org.sv\\\/sspas\\\/observatorio-version-2\\\/\",\"name\":\"Observatorio de Derechos Laborales - SSPAS\",\"isPartOf\":{\"@id\":\"https:\\\/\\\/sspas.org.sv\\\/sspas\\\/#website\"},\"datePublished\":\"2022-05-25T20:12:43+00:00\",\"dateModified\":\"2023-01-24T16:35:00+00:00\",\"breadcrumb\":{\"@id\":\"https:\\\/\\\/sspas.org.sv\\\/sspas\\\/observatorio-version-2\\\/#breadcrumb\"},\"inLanguage\":\"es\",\"potentialAction\":[{\"@type\":\"ReadAction\",\"target\":[\"https:\\\/\\\/sspas.org.sv\\\/sspas\\\/observatorio-version-2\\\/\"]}]},{\"@type\":\"BreadcrumbList\",\"@id\":\"https:\\\/\\\/sspas.org.sv\\\/sspas\\\/observatorio-version-2\\\/#breadcrumb\",\"itemListElement\":[{\"@type\":\"ListItem\",\"position\":1,\"name\":\"Portada\",\"item\":\"https:\\\/\\\/sspas.org.sv\\\/sspas\\\/\"},{\"@type\":\"ListItem\",\"position\":2,\"name\":\"Observatorio de Derechos Laborales\"}]},{\"@type\":\"WebSite\",\"@id\":\"https:\\\/\\\/sspas.org.sv\\\/sspas\\\/#website\",\"url\":\"https:\\\/\\\/sspas.org.sv\\\/sspas\\\/\",\"name\":\"SSPAS\",\"description\":\"Servicio Social Pasionista\",\"potentialAction\":[{\"@type\":\"SearchAction\",\"target\":{\"@type\":\"EntryPoint\",\"urlTemplate\":\"https:\\\/\\\/sspas.org.sv\\\/sspas\\\/?s={search_term_string}\"},\"query-input\":{\"@type\":\"PropertyValueSpecification\",\"valueRequired\":true,\"valueName\":\"search_term_string\"}}],\"inLanguage\":\"es\"}]}<\/script>\n<!-- \/ Yoast SEO plugin. -->","yoast_head_json":{"title":"Observatorio de Derechos Laborales - SSPAS","robots":{"index":"index","follow":"follow","max-snippet":"max-snippet:-1","max-image-preview":"max-image-preview:large","max-video-preview":"max-video-preview:-1"},"canonical":"https:\/\/sspas.org.sv\/sspas\/observatorio-version-2\/","og_locale":"es_ES","og_type":"article","og_title":"Observatorio de Derechos Laborales - SSPAS","og_description":"NUESTRO PROP\u00d3SITO. Programa de Formaci\u00f3n y Empleo, ante el contexto laboral de constantes vulneraciones a los derechos laborales a personas j\u00f3venes en El Salvador, desarrolla e implementa la \u00abEstrategia de Atenci\u00f3n Integral dirigida a Personas J\u00f3venes V\u00edctimas de vulneraciones de Derechos Laborales\u00bb por medio de la cual surge un 27 de mayo del a\u00f1o 2021 [&hellip;]","og_url":"https:\/\/sspas.org.sv\/sspas\/observatorio-version-2\/","og_site_name":"SSPAS","article_modified_time":"2023-01-24T16:35:00+00:00","twitter_card":"summary_large_image","twitter_misc":{"Tiempo de lectura":"5 minutos"},"schema":{"@context":"https:\/\/schema.org","@graph":[{"@type":"WebPage","@id":"https:\/\/sspas.org.sv\/sspas\/observatorio-version-2\/","url":"https:\/\/sspas.org.sv\/sspas\/observatorio-version-2\/","name":"Observatorio de Derechos Laborales - SSPAS","isPartOf":{"@id":"https:\/\/sspas.org.sv\/sspas\/#website"},"datePublished":"2022-05-25T20:12:43+00:00","dateModified":"2023-01-24T16:35:00+00:00","breadcrumb":{"@id":"https:\/\/sspas.org.sv\/sspas\/observatorio-version-2\/#breadcrumb"},"inLanguage":"es","potentialAction":[{"@type":"ReadAction","target":["https:\/\/sspas.org.sv\/sspas\/observatorio-version-2\/"]}]},{"@type":"BreadcrumbList","@id":"https:\/\/sspas.org.sv\/sspas\/observatorio-version-2\/#breadcrumb","itemListElement":[{"@type":"ListItem","position":1,"name":"Portada","item":"https:\/\/sspas.org.sv\/sspas\/"},{"@type":"ListItem","position":2,"name":"Observatorio de Derechos Laborales"}]},{"@type":"WebSite","@id":"https:\/\/sspas.org.sv\/sspas\/#website","url":"https:\/\/sspas.org.sv\/sspas\/","name":"SSPAS","description":"Servicio Social Pasionista","potentialAction":[{"@type":"SearchAction","target":{"@type":"EntryPoint","urlTemplate":"https:\/\/sspas.org.sv\/sspas\/?s={search_term_string}"},"query-input":{"@type":"PropertyValueSpecification","valueRequired":true,"valueName":"search_term_string"}}],"inLanguage":"es"}]}},"jetpack_sharing_enabled":true,"_links":{"self":[{"href":"https:\/\/sspas.org.sv\/sspas\/wp-json\/wp\/v2\/pages\/2900","targetHints":{"allow":["GET"]}}],"collection":[{"href":"https:\/\/sspas.org.sv\/sspas\/wp-json\/wp\/v2\/pages"}],"about":[{"href":"https:\/\/sspas.org.sv\/sspas\/wp-json\/wp\/v2\/types\/page"}],"author":[{"embeddable":true,"href":"https:\/\/sspas.org.sv\/sspas\/wp-json\/wp\/v2\/users\/3"}],"replies":[{"embeddable":true,"href":"https:\/\/sspas.org.sv\/sspas\/wp-json\/wp\/v2\/comments?post=2900"}],"version-history":[{"count":4,"href":"https:\/\/sspas.org.sv\/sspas\/wp-json\/wp\/v2\/pages\/2900\/revisions"}],"predecessor-version":[{"id":3427,"href":"https:\/\/sspas.org.sv\/sspas\/wp-json\/wp\/v2\/pages\/2900\/revisions\/3427"}],"wp:attachment":[{"href":"https:\/\/sspas.org.sv\/sspas\/wp-json\/wp\/v2\/media?parent=2900"}],"curies":[{"name":"wp","href":"https:\/\/api.w.org\/{rel}","templated":true}]}}